{"id":444,"date":"2021-06-27T11:58:03","date_gmt":"2021-06-27T11:58:03","guid":{"rendered":"https:\/\/bslthemes.site\/larson\/?page_id=444"},"modified":"2021-06-27T11:58:03","modified_gmt":"2021-06-27T11:58:03","slug":"portfolio-masonry","status":"publish","type":"page","link":"https:\/\/pena-property.net\/index.php\/portfolio-masonry\/","title":{"rendered":"Projects (Masonry)"},"content":{"rendered":"\t\t<div data-elementor-type=\"wp-page\" data-elementor-id=\"444\" class=\"elementor elementor-444\" data-elementor-settings=\"[]\">\n\t\t\t\t\t\t\t<div class=\"elementor-section-wrap\">\n\t\t\t\t\t\t\t<section class=\"elementor-section elementor-top-section elementor-element elementor-element-a41e2b2 elementor-section-full_width elementor-section-height-default elementor-section-height-default\" data-id=\"a41e2b2\" data-element_type=\"section\">\n\t\t\t\t\t\t<div class=\"elementor-container elementor-column-gap-no\">\n\t\t\t\t\t<div class=\"elementor-column elementor-col-100 elementor-top-column elementor-element elementor-element-97c067e\" data-id=\"97c067e\" data-element_type=\"column\">\n\t\t\t<div class=\"elementor-widget-wrap elementor-element-populated\">\n\t\t\t\t\t\t\t\t<div class=\"elementor-element elementor-element-4f6d00e elementor-widget elementor-widget-larson-intro\" data-id=\"4f6d00e\" data-element_type=\"widget\" data-widget_type=\"larson-intro.default\">\n\t\t\t\t<div class=\"elementor-widget-container\">\n\t\t\t\n\t\t<article class=\"article\">\n\t        <header class=\"article__header\">\n\t          <div class=\"container\">\n\t            \t            <h1 class=\"article__heading heading heading--size-large\">\n\t            \t<span >\n\t\t\t\t\t\tProjects\t\t\t\t\t<\/span>\n\t            <\/h1>\n\t            \t            \t          <\/div>\n\t        <\/header>\n\t        \t    <\/article>\n\n\t\t\t\t<\/div>\n\t\t\t\t<\/div>\n\t\t\t\t\t<\/div>\n\t\t<\/div>\n\t\t\t\t\t\t\t<\/div>\n\t\t<\/section>\n\t\t\t\t<section class=\"elementor-section elementor-top-section elementor-element elementor-element-a301033 elementor-section-full_width elementor-section-height-default elementor-section-height-default\" data-id=\"a301033\" data-element_type=\"section\">\n\t\t\t\t\t\t<div class=\"elementor-container elementor-column-gap-no\">\n\t\t\t\t\t<div class=\"elementor-column elementor-col-100 elementor-top-column elementor-element elementor-element-82b94f1\" data-id=\"82b94f1\" data-element_type=\"column\">\n\t\t\t<div class=\"elementor-widget-wrap elementor-element-populated\">\n\t\t\t\t\t\t\t\t<div class=\"elementor-element elementor-element-65ce472 elementor-widget elementor-widget-larson-portfolio\" data-id=\"65ce472\" data-element_type=\"widget\" data-widget_type=\"larson-portfolio.default\">\n\t\t\t\t<div class=\"elementor-widget-container\">\n\t\t\t\n\t\t\t\t  <!-- Filter projects-->\n          <div class=\"article__filter filter container\">\n            <button class=\"filter__item filter__item--active __js_filter-btn\" type=\"button\" data-filter=\"*\">All<\/button>\n                        <button class=\"filter__item __js_filter-btn\" type=\"button\" data-filter=\".__js_lagos\">Lagos<\/button>\n                      <\/div>\n        \n\t\t<div class=\"article__main container\">\n\n                    <ul class=\"projects-masonry row __js_projects-grid\">\n          \t<li class=\"grid-sizer\"><\/li>\n          \t\n\n<li class=\"projects-masonry__item col-12 col-md-6 col-xl-4 __js_masonry-item __js_lagos \">\n  <a class=\"card card--small card--masonry\" href=\"https:\/\/pena-property.net\/index.php\/portfolio\/item\/apartamento-corbo-marina-park\/\">\n        <div class=\"card__image card__image-m\">\n      <img src=\"https:\/\/pena-property.net\/wp-content\/uploads\/2022\/01\/Marina-Park-1-900x900.jpg\" alt=\"Apartamento Corbo Marina Park &#8211; 77635\/AL\" \/>\n    <\/div>\n        <div class=\"card__content\">\n            <h3 class=\"card__heading\">\n      \tApartamento Corbo Marina Park &#8211; 77635\/AL      <\/h3>\n                  <div class=\"card__text\">\n      \tApartamento em condom\u00ednio da Marina Park em Lagos, a cerca de 500 metros da marina.      <\/div>\n            <div class=\"card__bottom\">\n        <span class=\"card__link\">\n          Ver mais          <svg width=\"20\" height=\"20\">\n            <use xlink:href=\"#chevron-right\"><\/use>\n          <\/svg>\n        <\/span>\n      <\/div>\n    <\/div>\n  <\/a>\n<\/li>\n\n<li class=\"projects-masonry__item col-12 col-md-6 col-xl-4 __js_masonry-item __js_lagos \">\n  <a class=\"card card--small card--masonry\" href=\"https:\/\/pena-property.net\/index.php\/portfolio\/item\/casa-dos-sonhos\/\">\n        <div class=\"card__image card__image-m\">\n      <img src=\"https:\/\/pena-property.net\/wp-content\/uploads\/2021\/08\/Casa-dos-Sonhos-1-900x900.jpg\" alt=\"Casa dos Sonhos &#8211; 5733\/AL\" \/>\n    <\/div>\n        <div class=\"card__content\">\n            <h3 class=\"card__heading\">\n      \tCasa dos Sonhos &#8211; 5733\/AL      <\/h3>\n                  <div class=\"card__text\">\n      \tEsta pitoresca moradia situa-se na Praia da Luz, na zona calma dos Montinhos e a cerca de 5 km da cidade de Lagos.      <\/div>\n            <div class=\"card__bottom\">\n        <span class=\"card__link\">\n          Ver mais          <svg width=\"20\" height=\"20\">\n            <use xlink:href=\"#chevron-right\"><\/use>\n          <\/svg>\n        <\/span>\n      <\/div>\n    <\/div>\n  <\/a>\n<\/li>\n\n<li class=\"projects-masonry__item col-12 col-md-6 col-xl-4 __js_masonry-item __js_lagos \">\n  <a class=\"card card--small card--masonry\" href=\"https:\/\/pena-property.net\/index.php\/portfolio\/item\/villa-infante\/\">\n        <div class=\"card__image card__image-m\">\n      <img src=\"https:\/\/pena-property.net\/wp-content\/uploads\/2022\/02\/Villa-Infante-1-1-900x900.jpg\" alt=\"Villa Infante &#8211; 7308\/AL\" \/>\n    <\/div>\n        <div class=\"card__content\">\n            <h3 class=\"card__heading\">\n      \tVilla Infante &#8211; 7308\/AL      <\/h3>\n                  <div class=\"card__text\">\n      \tEsta moradia localiza-se na zona alta da Meia Praia, situando-se numa zona calma. Aconselha-se o uso de viatura, estando a cerca de cinco minutos da Meia Praia e dez minutos da Cidade de Lagos de carro.      <\/div>\n            <div class=\"card__bottom\">\n        <span class=\"card__link\">\n          Ver mais          <svg width=\"20\" height=\"20\">\n            <use xlink:href=\"#chevron-right\"><\/use>\n          <\/svg>\n        <\/span>\n      <\/div>\n    <\/div>\n  <\/a>\n<\/li>\n\n<li class=\"projects-masonry__item col-12 col-md-6 col-xl-4 __js_masonry-item __js_lagos \">\n  <a class=\"card card--small card--masonry\" href=\"https:\/\/pena-property.net\/index.php\/portfolio\/item\/apartamento-daley\/\">\n        <div class=\"card__image card__image-m\">\n      <img src=\"https:\/\/pena-property.net\/wp-content\/uploads\/2022\/02\/Apartamento-Daley-10-900x900.jpg\" alt=\"Apartamento Daley &#8211; 3327\/AL\" \/>\n    <\/div>\n        <div class=\"card__content\">\n            <h3 class=\"card__heading\">\n      \tApartamento Daley &#8211; 3327\/AL      <\/h3>\n                  <div class=\"card__text\">\n      \tEste apartamento localiza-se em Lagos a 5 minutos a p\u00e9 do centro da cidade. Uma zona habitacional onde \u00e9 poss\u00edvel deslocar-se para v\u00e1rias zonas da cidade.\r\n      <\/div>\n            <div class=\"card__bottom\">\n        <span class=\"card__link\">\n          Ver mais          <svg width=\"20\" height=\"20\">\n            <use xlink:href=\"#chevron-right\"><\/use>\n          <\/svg>\n        <\/span>\n      <\/div>\n    <\/div>\n  <\/a>\n<\/li>\n\n<li class=\"projects-masonry__item col-12 col-md-6 col-xl-4 __js_masonry-item __js_lagos \">\n  <a class=\"card card--small card--masonry\" href=\"https:\/\/pena-property.net\/index.php\/portfolio\/item\/casa-do-mar\/\">\n        <div class=\"card__image card__image-m\">\n      <img src=\"https:\/\/pena-property.net\/wp-content\/uploads\/2022\/02\/Casa-do-Mar-1-721x900.jpg\" alt=\"Casa do Mar &#8211; 117735\/AL\" \/>\n    <\/div>\n        <div class=\"card__content\">\n            <h3 class=\"card__heading\">\n      \tCasa do Mar &#8211; 117735\/AL      <\/h3>\n                  <div class=\"card__text\">\n      \tEste apartamento com dois quartos encontra-se localizado mesmo em frente \u00e0 Praia da Luz.      <\/div>\n            <div class=\"card__bottom\">\n        <span class=\"card__link\">\n          Ver mais          <svg width=\"20\" height=\"20\">\n            <use xlink:href=\"#chevron-right\"><\/use>\n          <\/svg>\n        <\/span>\n      <\/div>\n    <\/div>\n  <\/a>\n<\/li>          <\/ul>\n\n          \n        <\/div>\n\n\t\t\t\t<\/div>\n\t\t\t\t<\/div>\n\t\t\t\t\t<\/div>\n\t\t<\/div>\n\t\t\t\t\t\t\t<\/div>\n\t\t<\/section>\n\t\t\t\t\t\t<\/div>\n\t\t\t\t\t<\/div>\n\t\t","protected":false},"excerpt":{"rendered":"<p>Projects all Interior Building Villa In London Projects for many large domestic and foreign corporations, enterprises in many elds such as nance, banking, F&amp;B, education, communication. See project Spain Working Building Projects for many large domestic and foreign corporations, enterprises in many elds such as nance, banking, F&amp;B, education, communication&#8230;. <\/p>\n<div class=\"readmore\"><a href=\"https:\/\/pena-property.net\/index.php\/portfolio\/item\/casa-do-mar\/\" class=\"btn-link\">Read more<\/a><\/div>\n","protected":false},"author":1,"featured_media":0,"parent":0,"menu_order":0,"comment_status":"closed","ping_status":"closed","template":"template-elementor-default.php","meta":[],"acf":[],"_links":{"self":[{"href":"https:\/\/pena-property.net\/index.php\/wp-json\/wp\/v2\/pages\/444"}],"collection":[{"href":"https:\/\/pena-property.net\/index.php\/wp-json\/wp\/v2\/pages"}],"about":[{"href":"https:\/\/pena-property.net\/index.php\/wp-json\/wp\/v2\/types\/page"}],"author":[{"embeddable":true,"href":"https:\/\/pena-property.net\/index.php\/wp-json\/wp\/v2\/users\/1"}],"replies":[{"embeddable":true,"href":"https:\/\/pena-property.net\/index.php\/wp-json\/wp\/v2\/comments?post=444"}],"version-history":[{"count":0,"href":"https:\/\/pena-property.net\/index.php\/wp-json\/wp\/v2\/pages\/444\/revisions"}],"wp:attachment":[{"href":"https:\/\/pena-property.net\/index.php\/wp-json\/wp\/v2\/media?parent=444"}],"curies":[{"name":"wp","href":"https:\/\/api.w.org\/{rel}","templated":true}]}}